2*c. Let k = -13 - -17. Suppose 2 + c = k*t, 4*t = -4*s - 8. What is r(s)?
0
Let q(d) = 3*d + 3. Let i be q(0). Let h(l) be the third derivative of -l**4/24 + l**3/2 + 9*l**2 - 2. Calculate h(i).
0
Let b(i) = -5*i**3 - 3*i**2 - 11*i + 1. Let r(x) = 7*x**3 + 5*x**2 + 14*x - 2. Let v(u) = 3*b(u) + 2*r(u). What is v(0)?
-1
Let c(w) = -5*w**3 - 8*w**2 + 3*w + 2. Let p be (2/(-3 + 5))/(5/10). Let a(b) = 12*b**3 + 16*b**2 - 7*b - 3. Let f(h) = p*a(h) + 5*c(h). Determine f(-8).
-4
Let u(z) = 58 - 135 + 24 + 42*z + 65 + 3*z**2. Give u(-13).
-27
Let l(g) = g**2. Let q(b) = 5*b + 0*b + 2*b - 4*b**2 + 8. Let v(w) = -5*l(w) - q(w). Suppose -209*h = 1951 - 488. Give v(h).
-8
Let v(w) = -100*w**2 - 9*w - 15. Let g(o) = -385*o**2 - 36*o - 59. Let r(b) = 6*g(b) - 23*v(b). What is r(-1)?
-10
Let y = -1477 - -1473. Let q(p) = -3*p - 11. Let m(h) = h + 1. Let l(u) = 2*m(u) + q(u). Give l(y).
-5
Let x(n) = -187 + 46 + 43 + 45 + 43 - n**2 + 31. Let o be (-3)/(-9) + (-2)/6. Determine x(o).
21
Let z(t) = 5*t - 2*t + 6 - 4*t. Suppose 6*l = 5*l + 18. Suppose -l*o + 16*o = 4*f - 30, 26 = 3*f - 2*o. Give z(f).
-2
Let r(i) be the first derivative of i**2 + 2*i + 1. Let a(t) = 7*t**2 + 34*t - 163. Let p be a(5). Suppose p = 3*o + 194. Give r(o).
-6
Suppose 3*c = -3*y + 12, -12 = -4*y - 5*c + 8. Let s(z) = -3*z**3 - 4*z - 8*z**2 + 4*z**3 + 8 - 2*z**2 + 5*z**2 + y*z**3. Give s(6).
20
Let j(i) be the second derivative of -i**4/12 - 3*i**3/2 - 3*i**2 + 1461*i. Determine j(-8).
2
Let m(u) = -86*u - 2. Let v(o) = -7*o - 1. Suppose 23*p + 13 + 10 = 0. Let w(f) = p*m(f) + 12*v(f). Give w(8).
6
Let l(w) be the second derivative of w**4/12 + 25*w**3/6 - 13*w**2 - 352*w + 1. Calculate l(-26).
0
Let g(n) = -4*n + 32. Let i(w) = w - 4. Suppose 8 = c - z, 0 = 2*c + 4*z + 9 - 7. Let y(x) = c*i(x) + g(x). Calculate y(-9).
3
Let i(h) be the first derivative of 2 - 1 - h**3 + 5*h**2 - 4*h**2 + h. Suppose -4*w - 5*a + 17 = 0, 2*w + 21 = 4*a - 3. Calculate i(w).
-15
Let i(j) = -j + 2. Suppose -4 = -8*t + 7*t. Let d be (20/t - 4)*5. Let o(n) = -5*n + 19. Let a be o(d). Determine i(a).
8
Let v(t) = -t**3 - 5*t**2 - 6*t + 4. Let r(w) = w**2 + 71*w + 1227. Let z be r(-30). What is v(z)?
4
Let v(s) = -85*s + 4. Let p be v(0). Let b(q) = -q**3 + 3*q**2 + 5*q. Determine b(p).
4
Let z(b) = 4*b**3 - 11*b**2 + 15*b - 52. Let q be z(3). Let c(k) = 54*k + 4. Give c(q).
112
Let i(j) = 18*j**2 - 7*j - 4. Let f(k) = 2*k**2 - 71*k + 230. Let q be f(32). Let o(t) = 16*t**2 - 6*t - 3. Let h(z) = q*o(z) - 5*i(z). Calculate h(1).
7
Let o(u) be the third derivative of -u**6/120 - 11*u**5/60 + 29*u**4/24 + 22*u**3/3 - 172*u**2. Let n be o(-13). Let b(z) = 5*z - 1. What is b(n)?
24
Let k(j) = 49*j - 15*j**2 - 20*j - 3 - 3 - 23*j + 13*j**2. Let g(d) = -2*d**3 - 4*d**2 - 2*d. Let r be g(-2). Determine k(r).
-14
Let w(l) = 4*l - 2. Suppose 0 = 2*k, q + 9 = 3*k + 11. Suppose -5*j + 10 = q*n - 33, -4*j - 3*n + 40 = 0. Calculate w(j).
26
Suppose -6*a = -a + 5. Let r be 1/(a/(15/3)). Let g(l) be the second derivative of -l**4/12 - 5*l**3/6 + 2*l**2 - 34*l - 6. Give g(r).
4
Let f(v) be the first derivative of -3*v**2 - 3*v - 154. Determine f(7).
-45
Let r(v) = 2*v - 36. Let d be 78/3 - (16 - 1 - 11). Calculate r(d).
8
Let h(r) = 160*r**2 + 184*r**2 - 508*r**2 + 165*r**2 - 4 + 8*r + r. Suppose 30 = -5*o - 0*o. Let i be (-8 - -5)*(-20)/o. Calculate h(i).
6
Let f(l) = -77*l - 457. Let d be (36/(-27))/(22/99). Determine f(d).
5
Suppose -6*q + 2*l = -10*q + 100, 0 = 4*l + 8. Let m(z) = -3*z + 105. Give m(q).
27
Let m = -19 - -23. Suppose 5*x - m*a = -6, 2*x + 2*a + 0*a = 12. Let k(t) = -8*t - 15 - 8*t**x - 18 + 38 - t**3. Determine k(-7).
12
Let t(c) = 4*c + c**2 + 3*c + 6*c**2 - 10*c. Let u(k) = 13*k**2 - 5*k. Let g(d) = -11*t(d) + 6*u(d). What is g(3)?
18
Suppose 2*f - 10 = 0, 2*b - 5*f = -14 + 3. Suppose -6*y + 5 = -b. Let g(p) be the second derivative of p**4/6 - p**3/3 + p**2 - 3*p. Give g(y).
6
Let w(m) = 11 + 430*m + 11*m**2 - 10*m**2 + 0*m**2 - 424*m. Calculate w(-5).
6
Suppose -283 = 7*m - 1851. Let d = -222 + m. Let l(i) = 6*i + 1. Give l(d).
13
Let m(k) = -k + 6. Suppose -21 = 3*f + 3*y, -4*y = -20*f + 17*f + 14. Give m(f).
8
Let p(x) = -26*x**2 + 211*x - 23. Let i(c) = -768*c + 9992. Let r be i(13). What is p(r)?
1
Let g(v) be the first derivative of -v**4/4 - 8*v**3 + 5*v**2/2 + 103*v + 1318. Give g(-24).
-17
Let x(s) = 2*s**3 - 8*s**2 + s + 1. Let i(z) = 7*z + 16 + 2*z**2 + 13*z**2 - 17*z**2 - 3*z**2 - 2*z**3. Let r be i(-3). Determine x(r).
5
Let c(k) = -k**2 + k + 4. Suppose 0*y - 33 = -3*y. Let t(u) = 225*u - 1796. Let m be t(8). Suppose m*j + y - 27 = 0. Calculate c(j).
-8
Suppose 5*c + 3*l + l = -38, -5*c - 22 = -4*l. Let m = -8 + 10. Let r(d) = -13*d - 4 - m + 7*d - d**2. Calculate r(c).
-6
Let f(z) = -7*z**3 + z**2 - 2*z + 45. Let u(l) = 10*l**3 - 2*l**2 + 2*l - 45. Let c(g) = 3*f(g) + 2*u(g). Calculate c(0).
45
Let t = -212 + 215. Let y(x) = t*x + 10 + 11*x + x - 9. Give y(1).
16
Suppose -78*f - 14*f + 510 = 10*f. Let o(n) = -2*n + 31. Determine o(f).
21
Let a(c) = -c**3 - 6*c**2 - 9. Let t = 20 - 18. Let w(h) = -5*h**3 - 25*h**2 + h - 37. Let i(f) = t*w(f) - 9*a(f). Suppose 49 = 2*s + 39. Give i(s).
-8
Let r(b) = -b**2 - 14*b**3 + 12*b**3 - b - 1 - 7*b**3. Suppose j - 12*j - 1947 = 0. Let g = -178 - j. Give r(g).
8
Let k = -51 - -90. Suppose -l - u - 4 + 44 = 0, 3*l - 3*u - 150 = 0. Let j = l - k. Let b(y) = y + 2. What is b(j)?
8
Let u(h) = -164*h - 266. Let l(g) = 90*g + 131. Let y(x) = 11*l(x) + 6*u(x). Calculate y(27).
7
Let a(o) = -7*o**2 + 2*o - 29. Let d(j) = 5*j**2 - 2*j + 18. Let m(n) = -2*a(n) - 3*d(n). What is m(3)?
1
Suppose -10 = -6*n - 10. Let v(q) = q + 3 - 3*q**2 - 294*q**3 + n + 293*q**3. What is v(-3)?
0
Let v(k) = 6*k - 544 + 1622 - 357 - 325. Give v(-66).
0
Let t(p) = -7*p**3 + 17*p**2 + 20*p - 9. Let u(a) = 66*a - 30*a - 26*a - 7 + 3 - 4*a**3 + 9*a**2. Let x(h) = 3*t(h) - 5*u(h). Determine x(7).
14
Let f = -9800 + 9816. Let o(s) = s**2 - 16*s - 31. Give o(f).
-31
Let j(w) = -w**3 - w**2 + w + 3. Suppose 13*b + 1095 = 16*b. Let m = b - 365. Determine j(m).
3
Let r(h) = -3*h**2 - 4*h + 0*h + 3*h + 2*h**2 - 2. Let b(i) = -5*i - 116. Let n be b(-25). Suppose -5*a - 2*z = n, -5*z + 10 = a - 2. Calculate r(a).
-8
Let x be (-300)/120*(-7)/(-15)*3*2. Let p(s) = -5*s + 16. Let v(q) = -3*q + 8. Let w(b) = -4*p(b) + 7*v(b). What is w(x)?
-1
Let h(r) = -3*r**2 - 3*r + 7. Suppose -4 = 14*y + 1 + 37. What is h(y)?
-11
Let i(g) = 48*g**3 + g**2 + 3*g - 3. Suppose 0*a + 113 = 257*a - 144. Give i(a).
49
Let s(y) = -247*y**2 - 119*y + 486. Let b(p) = -53*p**2 - 24*p + 97. Let o(l) = 14*b(l) - 3*s(l). Determine o(13).
4
Suppose 0 = 4*q - 3 - 17, c + 4*q - 26 = 0. Let f(t) be the third derivative of -t**6/120 + t**5/10 - t**4/12 + t**3/2 - 33*t**2 + 23*t. Give f(c).
-9
Suppose 0*x + 2*x - 10 = 0. Let r(d) = -x - d - 2*d + 2*d. Determine r(-6).
1
Let j(i) = i**3 - 32*i**2 - 102*i - 100. Let l be j(35). Let r(v) = -v**3 + 4*v**2 - 8*v + 12. What is r(l)?
-53
Let u = 274 + -272. Let o(v) = 9*v**3 + u - v**2 + 19*v**3 + 4*v**2 - 29*v**3 + 5*v. Give o(4).
6
Let a(z) = -2*z**3 - 57*z**2 + 32*z + 82. Let w be a(-29). Let i(u) = -u - 10. Give i(w).
-5
Suppose 7*x + 5*t = -2, 1 = -2*x - 3*t + 2. Let u(i) = -61*i**3 + i**2 - i - 1. What is u(x)?
62
Let b(t) = 5*t**2 - 19*t - 27. Let j(r) = -7*r**2 + 19*r + 32. Let m(h) = 4*b(h) + 3*j(h). Determine m(-7).
72
Let o = 21 + -29. Let m = -77 + 78. Let t(c) = m + 6 - 7*c - 366*c**2 + 365*c**2. Calculate t(o).
-1
Let v(d) = 2*d**3 - 9*d**2 - 122*d + 120. Let g be v(10). Let f(r) be the second derivative of -1/12*r**4 + 4/3*r**3 + g - 3*r**2 + 12*r. Give f(4).
10
Let r(y) = -y**3 - 2*y**2 + y + 1. Suppose -p - p = -5*t - 402, 3*p = -4*t - 317. Let w be -3*1*t/(-24). Let q be ((-4)/((-80)/(-12)))/((-2)/w). Calculate r(q).
7
Let a(d) = -7*d + 3. Suppose 3*m = 5*l - 3, 4*l = 42*m - 45*m + 51. Give a(m).
-60
Let x(k) = -12*k**2 + k + 18. Let u be x(3). Let y = u + 94. Let g(r) = r**3 - 7*r**2 + r - 6. What is g(y)?
1
Let l(y) = -y**2 - 18*y - 3. Let s(j) = -15*j**2 - 12*j + 180. Let b be s(-4). Give l(b).
69
Let m be (3/(-1))/((-33)/1331). Let c = -127 + m. Let f(o) = -o**3 - 5*o**2 + 7*o + 2. What is f(c)?
-4
Let o(p) = 3*p - 2. Let t(g) = 36*g - 135. Let l(h) = 7*o(h)